d 205?
41
What is the greatest common divisor of 11205 and 135?
135
What is the greatest common factor of 442 and 156?
26
What is the highest common factor of 1296 and 8?
8
What is the greatest common divisor of 234 and 126?
18
What is the greatest common divisor of 28 and 49?
7
Calculate the highest common divisor of 960 and 2368.
64
What is the greatest common divisor of 32 and 80?
16
Calculate the highest common divisor of 120 and 2040.
120
Calculate the highest common divisor of 664 and 8.
8
Calculate the highest common divisor of 195 and 30.
15
What is the greatest common divisor of 3036 and 20?
4
Calculate the greatest common divisor of 53 and 2862.
53
What is the highest common divisor of 294 and 6?
6
Calculate the highest common factor of 12 and 140.
4
Calculate the highest common divisor of 189 and 9.
9
Calculate the greatest common divisor of 3368 and 40.
8
What is the highest common divisor of 8173 and 22?
11
What is the highest common factor of 11238 and 6?
6
Calculate the highest common divisor of 160 and 3000.
40
What is the highest common divisor of 6 and 183?
3
What is the greatest common divisor of 52 and 104?
52
Calculate the greatest common factor of 27 and 219.
3
Calculate the highest common divisor of 40 and 21160.
40
Calculate the greatest common factor of 130 and 1105.
65
What is the greatest common divisor of 2449 and 31?
31
What is the greatest common factor of 2021 and 752?
47
What is the highest common divisor of 54 and 270?
54
What is the highest common factor of 60 and 24540?
60
What is the greatest common factor of 54 and 144?
18
What is the greatest common divisor of 33 and 264?
33
What is the greatest common factor of 1536 and 48?
48
What is the highest common divisor of 50 and 865?
5
Calculate the highest common divisor of 48 and 80.
16
Calculate the highest common divisor of 81 and 639.
9
What is the highest common divisor of 928 and 88?
8
Calculate the greatest common divisor of 319 and 1045.
11
What is the greatest common factor of 3918 and 6?
6
Calculate the greatest common divisor of 36 and 1152.
36
Calculate the greatest common divisor of 102 and 20247.
51
What is the highest common divisor of 9 and 87?
3
What is the highest common divisor of 99 and 176?
11
Calculate the greatest common divisor of 192 and 17136.
48
What is the highest common divisor of 64 and 112?
16
What is the highest common factor of 40557 and 33?
33
Calculate the greatest common factor of 29 and 4.
1
Calculate the greatest common factor of 672 and 35.
7
Calculate the highest common divisor of 932 and 8.
4
What is the greatest common divisor of 30 and 810?
30
What is the highest common factor of 1643 and 689?
53
Calculate the highest common factor of 15779 and 155.
31
What is the highest common factor of 408 and 153?
51
Calculate the greatest common factor of 96343 and 13.
13
Calculate the greatest common factor of 101 and 1919.
101
What is the greatest common divisor of 10 and 170?
10
Calculate the greatest common divisor of 18 and 306.
18
What is the greatest common divisor of 4380 and 210?
30
What is the greatest common divisor of 20294 and 1112?
278
What is the greatest common factor of 20 and 980?
20
What is the greatest common factor of 410 and 82?
82
Calculate the greatest common divisor of 45 and 150.
15
What is the highest common divisor of 99 and 4125?
33
Calculate the greatest common factor of 11374 and 94.
94
What is the greatest common factor of 19 and 8341?
19
Calculate the greatest common factor of 11495 and 22.
11
What is the greatest common divisor of 26862 and 444?
222
What is the highest common factor of 221 and 22321?
221
Calculate the greatest common factor of 900 and 1950.
150
What is the highest common factor of 270 and 10?
10
Calculate the greatest common factor of 1209 and 39.
39
Calculate the highest common divisor of 40 and 865.
5
Calculate the highest common divisor of 621 and 81.
27
Calculate the highest common divisor of 63 and 567.
63
What is the greatest common factor of 345 and 69?
69
What is the highest common divisor of 15753 and 177?
177
Calculate the greatest common factor of 48 and 416.
16
What is the greatest common factor of 1136 and 560?
16
What is the highest common factor of 43 and 301?
43
What is the highest common factor of 1441 and 88?
11
Calculate the greatest common factor of 78 and 1326.
78
Calculate the highest common factor of 24 and 96.
24
Calculate the highest common factor of 765 and 85.
85
Calculate the highest common factor of 16 and 3088.
16
What is the highest common divisor of 36 and 1488?
12
What is the greatest common factor of 2756 and 2544?
212
What is the greatest common divisor of 7 and 2513?
7
Calculate the greatest common divisor of 348 and 7250.
58
What is the highest common divisor of 102 and 646?
34
Calculate the highest common divisor of 6966 and 43.
43
Calculate the greatest common factor of 187 and 25619.
187
What is the highest common factor of 208 and 52?
52
Calculate the highest common factor of 30 and 40.
10
Calculate the highest common factor of 24 and 168.
24
Calculate the highest common divisor of 408 and 153.
51
Calculate the greatest common divisor of 24730 and 10.
10
What is the highest common factor of 272 and 16?
16
What is the greatest common factor of 206 and 2?
2
Calculate the highest common factor of 2002 and 28.
14
What is the greatest common factor of 12575 and 25?
25
Calculate the highest common divisor of 64 and 152.
8
What is the highest common divisor of 144 and 5436?
36
What is the greatest common factor of 40 and 360?
40
What is the greatest common factor of 1172 and 26?
2
Calculate the highest common divisor of 39 and 195.
39
Calculate the greatest common factor of 52 and 236.
4
Calculate the highest common divisor of 8 and 108.
4
Calculate the greatest common factor of 12 and 6.
6
What is the greatest common divisor of 1588 and 4?
4
What is the highest common factor of 4 and 4476?
4
Calculate the greatest common factor of 22 and 1276.
22
Calculate the greatest common factor of 18 and 333.
9
Calculate the highest common divisor of 600 and 216.
24
Calculate the greatest common divisor of 395 and 10.
5
What is the greatest common factor of 153 and 119?
17
Calculate the greatest common divisor of 6 and 57.
3
What is the greatest common factor of 27161 and 173?
173
Calculate the greatest common divisor of 17 and 12767.
17
What is the highest common divisor of 550 and 616?
22
What is the highest common divisor of 946 and 1376?
86
Calculate the greatest common divisor of 1904 and 1232.
112
What is the greatest common divisor of 15120 and 224?
112
What is the highest common factor of 76 and 32?
4
What is the highest common divisor of 1325 and 159?
53
What is the greatest common factor of 16954 and 196?
98
Calculate the highest common divisor of 10036 and 208.
52
Calculate the highest common divisor of 137 and 2.
1
Calculate the highest common divisor of 115 and 20.
5
What is the highest common factor of 5658 and 23?
23
What is the greatest common divisor of 4 and 242?
2
What is the greatest common divisor of 14 and 406?
14
What is the highest common divisor of 3854 and 1786?
94
Calculate the greatest common divisor of 51 and 4267.
17
What is the highest common divisor of 913 and 415?
83
Calculate the highest common factor of 3670 and 10.
10
Calculate the greatest common divisor of 1333 and 93.
31
What is the highest common divisor of 16 and 7280?
16
Calculate the highest common factor of 315 and 42.
21
Calculate the highest common divisor of 109 and 2616.
109
Calculate the highest common factor of 147 and 567.
21
What is the greatest common factor of 184 and 8?
8
What is the greatest common divisor of 17 and 27217?
17
Calculate the highest common factor of 156 and 996.
12
What is the greatest common divisor of 10 and 6430?
10
Calculate the highest common divisor of 217 and 49.
7
Calculate the greatest common divisor of 1584 and 64.
16
What is the greatest common divisor of 67116 and 6?
6
What is the highest common divisor of 12 and 1284?
12
Calculate the highest common divisor of 319 and 22.
11
What is the highest common divisor of 316 and 8?
4
What is the greatest common divisor of 57 and 323?
19
What is the highest common factor of 432 and